 digit of 273/9 - (-12)/p?
3
Suppose a = 3*b - 48, -4*a + 3 = -9. Let o = 10 + b. What is the tens digit of o?
2
What is the hundreds digit of (-150)/21 + (-1)/(-7) + 3202?
1
Let u = -6 - -6. Suppose 4*c + 461 = 6*c + a, 5*c - 5*a - 1190 = u. What is the units digit of c?
3
What is the tens digit of (120/16 + -7 - 1322)*-2?
4
Suppose 2673 = 6*b - 2085. What is the units digit of b?
3
Suppose 8*j - 10188 - 11020 = 0. What is the units digit of j?
1
Suppose 0 = 2*q + 8, 3*p + 18 = -q - 10. Let d be (6/p)/((-51)/136). What is the tens digit of (-1 - -15) + d + -5?
1
Let y be 2/8 + (-15)/(-4). Let k = -9 + y. Let u = k + 17. What is the tens digit of u?
1
Suppose -3*x + 33 + 54 = 0. Suppose -3*n - u = -2*n - x, 0 = n + 3*u - 19. What is the units digit of n?
4
What is the tens digit of 1005/(-8)*-2 + (-6)/(-8)?
5
Let u = 276 + 24. What is the hundreds digit of u?
3
Let m = 67 + -77. What is the tens digit of 2/m + 3971/55?
7
Let a = 3924 + -1184. What is the tens digit of a?
4
Suppose -5 = -w - 4. Let p be 19 - (0 + w) - 0. Suppose -5*i + 17 = 2*t - p, 5*t = i + 74. What is the units digit of t?
5
Let l = -330 + 337. Let w(f) = 0 + f**2 - 2*f + 0 - 5. What is the tens digit of w(l)?
3
Suppose -5*l + 3*l + 28 = 0. Let g be (-1)/7 + 940/l. Suppose -g - 33 = -5*h. What is the units digit of h?
0
Let g be 0/(4/(-1)) + 2. Suppose -3*m = -5*m - 3*f - 26, g*m + 4*f = -28. Let l = 5 - m. What is the tens digit of l?
1
Let l = -764 + 1591. What is the hundreds digit of l?
8
Suppose 247*j - 242*j = 3720. What is the hundreds digit of j?
7
Let v(u) = -16*u - 21. Let g be v(-2). Suppose -5*l = -7*l. Let h = l + g. What is the tens digit of h?
1
Suppose 6*p + 3*q = 7*p - 6, -4*q - 8 = 0. What is the units digit of (-12)/(-8)*(p + (-1380)/(-9))?
0
Let g(f) = -f**2 - f + 10. Let r be g(-4). What is the tens digit of (-650)/r + (1 - -4 - 3)?
2
Let q = -783 + 1565. What is the hundreds digit of q?
7
What is the units digit of -326*(-6)/(-1 + 13)?
3
Suppose 0 = u + 4*s + 182, 3*u - 3*s = 2*s - 580. Let v = 384 + u. What is the units digit of v?
4
Suppose 2*v + 149 + 159 = l, -3*v = 3. What is the tens digit of l?
0
Let i(d) = d**3 - 8 + 6*d**2 + 13 + 5*d - 1. Let a be i(-5). What is the units digit of (1*-9)/(a - 5)?
9
Let d = 24 - 29. What is the tens digit of (-12)/(-14)*(-245)/d?
4
Let i = 70 - 103. What is the tens digit of (-1 + (-134)/10)/(i/220)?
9
Let z be -4 + 1/((-3)/(-1188)). Suppose -4*a + z = -0*a. What is the units digit of a?
8
Let k(f) = -f**2 + 29*f + 1. Let q be k(16). Let j = q + -40. What is the hundreds digit of j?
1
Let v = 979 + -502. What is the units digit of v?
7
Let o(z) = -z**2 - 9*z - 26. Let p be o(-7). What is the units digit of p/((6/32)/(-2 - 0))?
8
Let r(q) be the third derivative of 2*q**5/15 - 2*q**3/3 + 6*q**2. What is the units digit of r(3)?
8
Let y(f) = -f**2 - 2*f + 3. Let q be y(0). Suppose -5*b - 4*m = -576, q*b = -3*m + 2*m + 347. What is the tens digit of b?
1
Let s(p) = -41*p - 572. What is the thousands digit of s(-76)?
2
Let d = -919 + 3083. What is the hundreds digit of d?
1
Let z(f) = f**2 + f - 1. Let b be z(-3). Suppose 24 = -b*i + 6*i. What is the tens digit of i?
2
Let d(x) = -2*x**2 + 17*x. Let p(o) = -o - 1. Let c be ((-12)/16)/((-2)/(-16)). Let k(b) = c*p(b) - d(b). What is the units digit of k(7)?
7
Suppose -4*a = 7*a. Suppose -3*i + 906 = -3*g, 4*i + 2*g - 935 - 285 = a. What is the hundreds digit of i?
3
Let b = -2 + 4. Suppose 0 = 13*q - 11*q - 410. Suppose p + q = 3*w - 4*p, b*p = -4*w + 230. What is the units digit of w?
0
Let t = 30 - 9. Let a = t - -83. What is the hundreds digit of a?
1
Suppose -36*l = 9*l - 100530. What is the tens digit of l?
3
Suppose -3*l = l + 8, -3*z + 1789 = 4*l. What is the units digit of z?
9
Suppose 0 = 4*a - a - 6. Let w(d) = -16*d - 2. Let i(q) = 5*q. Let j(r) = 7*i(r) + 2*w(r). What is the units digit of j(a)?
2
Suppose 2*o + 3*o = -35. Let v = 10 + o. Let l(s) = 8*s. What is the units digit of l(v)?
4
Suppose -4*d - 2178 = 2*c, 4*d - 3*d + 2172 = -2*c. What is the tens digit of ((c/(-25))/(-7))/((-2)/10)?
3
Suppose -28*o + 14*o = -364. What is the tens digit of o?
2
What is the units digit of -11 + 6 - -3 - -15?
3
What is the hundreds digit of (-14)/98 + (-4846)/(-14)?
3
Let u(b) = -26*b - 12. Suppose 10 - 25 = 3*f. What is the units digit of u(f)?
8
Let a(p) = -p**2 + 11*p + 15. Suppose 4*l + l = 60. Let f be a(l). Suppose -k = f*d - 59, 2*k + 50 = -d + 3*d. What is the units digit of d?
1
Let r be (5/(10/(-2)))/(-1*1). What is the tens digit of ((-86)/2 - r)/(1/(-1))?
4
Let o be ((-1)/(6/9))/(7/(-98)). Suppose -4*r = r + 70. Let k = r + o. What is the units digit of k?
7
Suppose -7 + 17 = 5*q. Suppose c = 4*x - 545, q*x = 4*x - 3*c - 265. What is the tens digit of x?
3
Suppose -o - 20 = -6*o. Suppose -92 - 28 = -o*z. What is the units digit of 3/(z/(-39) + 1)?
3
Suppose -2*z + 14 = -4*z. Let h(o) = -6*o - 9. What is the tens digit of h(z)?
3
Let g(n) = -n**2 + 11*n - 16. Let f be g(13). Let x = -38 - f. What is the units digit of x?
4
Suppose 4*t - 157 - 103 = 0. Let d = -36 + t. Let h = 54 - d. What is the tens digit of h?
2
Suppose -4*p - 5*q = -1808, -210 = -2*p - 4*q + 688. What is the units digit of p?
7
What is the tens digit of 10/(-65) - (-3472)/91?
3
Suppose 3*g - 7*g + 84 = 0. Suppose 30 = -4*b - 2*v, 15 + g = -5*b - 3*v. What is the units digit of 78/9 - (-6)/b?
8
Suppose -72061 = -38*v + 85183. What is the thousands digit of v?
4
Let r(a) = 1249*a**2 + 2*a**3 - a**3 + 3 - 11*a - 1243*a**2 + 6. Let s = 2 + -9. What is the units digit of r(s)?
7
Let d(g) = g**2 + 11*g + 3 - 9 + 0*g + 15. What is the tens digit of d(-15)?
6
Suppose 9*n - 6*n - 2*g = 4820, -3*g = 5*n - 8008. What is the hundreds digit of n?
6
Let s(k) = 394*k - 1. Let h be s(2). Suppose -5*f + 2*x = -781, 4*f = -f - x + h. Suppose -f = -5*c - 22. What is the tens digit of c?
2
Let o(s) = -s + 5. Let g be o(2). Let x(j) = -j - 9. Let m be x(g). Let l(t) = t**2 + 8*t + 2. What is the units digit of l(m)?
0
Suppose 3*w = 5*r + 5229, 4*w - 63 - 6898 = 3*r. What is the hundreds digit of w?
7
Suppose 44 + 9 = p. Let k = p + -28. What is the tens digit of k?
2
Let t be (-6)/15*-5*34. Suppose -5*v = 1 + 14, -12 = 3*x + 4*v. Suppose m = -5*y + 44, 3*m + 3*y - 4*y - t = x. What is the units digit of m?
4
Let b = -33 - -35. Suppose -2*x - b = -48. What is the tens digit of x?
2
Let w be (62/5)/((-4)/(-10)). Suppose -d = -11 - w. What is the units digit of d?
2
Let o(z) = -5*z + 6. Let t be o(-2). Let n(j) = -j**2 + 19*j + 13. What is the tens digit of n(t)?
6
Suppose -2*u = -160 - 74. What is the units digit of u/27 + 4/6?
5
Suppose -2*p = -6*p. Let r be 4/((-4)/(-2)) + p. Suppose o + r*o = 48. What is the units digit of o?
6
Let y be (1/(-1) - -2)/(3/147). What is the tens digit of y - (0 - 12/3)?
5
Let f be 2*89 - 14/7. Let c = f + -86. What is the tens digit of c?
9
Suppose 7 + 9 = 4*j. Suppose n - 180 = -j*n. Suppose -12 + n = 4*d. What is the units digit of d?
6
Let c(w) = -27*w + 159. What is the units digit of c(0)?
9
What is the tens digit of (0 + 1 - 0) + (-84 - -909)?
2
Let k(n) = -n**2 + 14*n - 36. Let o be k(4). Suppose 0 = 5*j + 5, -3*b + o*b - 5*j = 42. What is the units digit of b?
7
Suppose -6 = -p + 15. Suppose -p = g - 4*g. Let b = g - -1. What is the units digit of b?
8
Let h(q) = 10*q - 1. Let w be h(1). Let y = -23 + 27. Let l = w - y. What is the units digit of l?
5
Let x(r) = r**2 + r - 53. Let g be x(7). Let q(v) = 6*v + 2. Let u be q(-4). What is the tens digit of u*-2*g/12?
1
Let q(r) = 70*r**2 + 2*r + 1. Let f be q(-1). Let n = f + -30. What is the tens digit of n?
3
Let m(o) = o**3 - 21*o**2 + 25*o + 6. What is the tens digit of m(20)?
0
Let x(n) = 29*n**2 - 3*n + 8. Let p be x(3). Suppose 5*b = -4*c + 271 - 35, -4*c + p = -b. What is the tens digit of c?
6
Let b = -11 + 11. Suppose b = -4*w - 23 - 33. What is the units digit of (-354)/w - (-10)/(-35)?
5
Let r be ((-32)/20 + 2)*85. Suppose 14 - r = -5*g. Suppose -g*v = -94 - 30. What is the units digit of v?
1
What is the hundreds digit of (1 - 0) + (-3854 + 2)/(-4)?
9
Suppose 6*n + 1478 = 11*n - 4*k, -602 = -2*n - 2*k. What is the hundreds digit of n?
2
Let n = 6 + -6. Suppose 4*d + 208 = -0*i - 4*i, -4*i - 20 = n. Let x